 the remainder when 20 is divided by q?
4
Let o = -8 + 14. Let f be 10/3 - 2/o. Suppose n - f = 11. What is the remainder when n is divided by 5?
4
Suppose -13*t = -11*t - 38. What is the remainder when t is divided by 11?
8
Suppose 3*h + 5*d - 35 = -2*h, 2*d - 28 = -4*h. What is the remainder when 13 is divided by h?
6
Suppose 4*b = 3*r + 29 + 78, 6 = 2*r. Calculate the remainder when b is divided by 8.
5
Suppose -187 = -3*c + 80. Calculate the remainder when c is divided by 6.
5
Let n = 1 + -1. Suppose q + n = 15. Suppose -4*w - 2*m + 125 = -5*m, -2*w - 3*m + 49 = 0. What is the remainder when w is divided by q?
14
Suppose -8*w = -3*w + 1215. Let t = w + 349. What is the remainder when t is divided by 27?
25
Let x(d) = 3*d - 7. Let w be x(3). Suppose 0 = -w*j - j - m + 109, 3*m = -2*j + 61. Calculate the remainder when j is divided by 20.
18
Suppose 6 = u + u. Suppose u*o = -5*k + 91, 3*k + 20 - 69 = o. Calculate the remainder when 50 is divided by k.
16
Suppose -5*g - 3*o + 56 + 79 = 0, -o = -3*g + 81. Let n = g - 18. Let k = n + 3. Calculate the remainder when 22 is divided by k.
10
Let i be (0/(-3))/(-1 + 0). Suppose -5*t = -x - 1 - 13, -2*x + 4*t + 2 = i. Calculate the remainder when 19 is divided by x.
8
Let c(t) = 20*t**2 + 2*t. What is the remainder when c(-2) is divided by 16?
12
Suppose -2*v = -2*h + 34, 2*h - 34 = -v - 3. Let u = 69 - h. What is the remainder when u is divided by 14?
11
Let i be 1/2*(6 - 0). Suppose 2*f + 0*a + 5*a = 25, 4*a + 49 = i*f. Calculate the remainder when f is divided by 9.
6
Suppose 0 = -5*p + 4*c + 73, -2*c + 59 = 4*p - 15. Calculate the remainder when 29 is divided by p.
12
Let j be 6/((1 - -2) + -1). Suppose x - 4 = -j*h + 6, -4 = 2*x - 2*h. Let o = 12 - x. Calculate the remainder when 20 is divided by o.
9
Suppose -25 = -5*a, -2*a = -2*g - 2*g - 2. Let i(l) = 3*l - 6*l**2 + 6 - g*l**3 + 3*l**3 + 0*l**3. What is the remainder when i(6) is divided by 9?
6
Suppose 0 = 4*a - 7*u + 3*u - 32, 0 = 3*a - u - 18. What is the remainder when 7 is divided by a?
2
Let q(o) = -o**3 + 3*o**2 + 5*o - 3. Let f be q(5). Let k(x) = -18*x**2 + 1. Let v be k(1). Let r = v - f. Calculate the remainder when r is divided by 3.
2
Suppose 7*x - 34 = 5*x. What is the remainder when 67 is divided by x?
16
Suppose -3*s = 2*s - 370. Calculate the remainder when s is divided by 20.
14
Let l(o) = 2*o + 1. Calculate the remainder when l(6) is divided by 4.
1
Suppose -6*g + g = -3*a + 614, 0 = a - 4*g - 193. Calculate the remainder when a/9 - (-4)/(-6) is divided by 6.
5
Suppose -2*y - 93 = -4*y - 5*l, -3*l = 2*y - 91. Calculate the remainder when y is divided by 13.
5
Suppose 2*x - 10 = 32. Calculate the remainder when 81 is divided by x.
18
Suppose -5*t - 13 = -2*x + 29, -4*t = -8. Let a = x - 17. Calculate the remainder when 17 is divided by a.
8
Let y = 50 - 38. What is the remainder when (2/3)/(2/69) is divided by y?
11
Calculate the remainder when 174*4/36*3 is divided by 12.
10
Suppose -3*l - 11 = 7. Let v be -10*(-1)/(l/(-9)). Calculate the remainder when 16 is divided by (-3)/v - 93/(-15).
4
Let n = -30 + 31. What is the remainder when 1 is divided by n?
0
Suppose 0 = 5*h - 2*a - 26, -1 + 2 = 4*h + 5*a. Suppose -h*m + 42 = 3*s, 5*s - s + 3*m = 49. Suppose 6*d - s = d. What is the remainder when 5 is divided by d?
1
Let l = 34 - 25. Calculate the remainder when 35 is divided by l.
8
Calculate the remainder when 14 is divided by (-4)/10 + (-752)/(-80).
5
Let y(n) = -3*n**2 - 3*n - 1. Let a be y(-3). Let c = 4 - a. Let g(j) = -4*j - 4. What is the remainder when c is divided by g(-3)?
7
Suppose 0 = 3*o - 42 + 12. Calculate the remainder when 18 is divided by o.
8
Suppose p - 4*i = 34, 0 = -3*p - 3*i - i + 182. Suppose 4*m = -12, -2*c + 7*c = 3*m + p. What is the remainder when c is divided by (-2*10/(-4))/1?
4
Suppose p + 20 = 3*p - d, 0 = 4*d + 16. Let m(j) = -j**2 + 9*j - 2. Calculate the remainder when m(p) is divided by 3.
0
Let g = 46 + -43. Calculate the remainder when 20 is divided by g.
2
Let q = 9 - 6. Calculate the remainder when q*(-11)/(-6)*2 is divided by (16/(-1 - 1))/(-2 + 0).
3
Let y = 35 + -16. Suppose 3*t - 185 = -2*t. Calculate the remainder when t is divided by y.
18
Calculate the remainder when 199 is divided by 2 - (0 - 69/3).
24
Suppose -48 = -0*i - 3*i. Let o = i - 10. Suppose -r = -o - 3. Calculate the remainder when r is divided by 5.
4
Let o = -32 + 1. Let y = -22 - o. Suppose -5*m - 5*q + 2*q + 128 = 0, -1 = -q. Calculate the remainder when m is divided by y.
7
Suppose 3*x + m - 3*m - 45 = 0, 4*m = 12. What is the remainder when 45 is divided by x?
11
Let f(m) = 44*m**2 + m - 2. What is the remainder when f(1) is divided by 16?
11
Let k be (-63)/6*10/(-3). Suppose -k = -4*l + 21. Calculate the remainder when 27 - (0 + -3 + 4) is divided by l.
12
Let u = 222 - 214. What is the remainder when 22 is divided by u?
6
Suppose 0*r + 77 = 2*r - h, -2*r - 2*h = -86. What is the remainder when 78 is divided by r?
38
Suppose 3*s - r - 20 - 40 = 0, -r = 3. Let z = s - 6. Calculate the remainder when z is divided by 8.
5
Suppose -5*g = 3*g - 240. What is the remainder when 116 is divided by g?
26
Let u be 648/66 + 2/11. Suppose 4*g - 10 = 2*z - 0*g, -4*z + u = 2*g. What is the remainder when 26 is divided by z/(-1*(-3)/21)?
5
Suppose -11 = 3*q + 4. Let s(t) = -5*t - 7. What is the remainder when s(q) is divided by 10?
8
Let v(a) = 5*a**2 - a - 1. Suppose -n = w - 2*n - 10, -w + 4*n + 25 = 0. Suppose 6 + 4 = -w*h. Calculate the remainder when v(h) is divided by 11.
10
Let d(o) = o**3 + o**2 + o + 1. Let i be d(0). Calculate the remainder when 4/(-8)*(-87 - i) is divided by 23.
21
Suppose 0*p + 6*p - 48 = 0. What is the remainder when 22 is divided by p?
6
Calculate the remainder when (4/10)/((-4)/(-500)) is divided by 17.
16
Suppose -3*q + 12 = -5*b, 0 = -3*q + b + 1 + 11. Suppose 5*y + 50 = 5*i, -5*i + q*i - 2 = -4*y. Calculate the remainder when i is divided by ((-8)/3)/((-1)/3).
6
Let f(d) = d**3 - 2*d**2 - 3*d + 4. Let m be f(3). Let l = 2 + m. What is the remainder when 10 is divided by l?
4
Calculate the remainder when 5 is divided by (2 - -3) + -3 + 0.
1
Suppose 0 = -l - 2*l + 39. Suppose 3*y = -4*x + 249, 26 = x - 2*y - 50. Let p = x - 41. Calculate the remainder when p is divided by l.
12
Let s(f) = 4*f**2 + 7*f + 3. Let l(k) = -k**3 + 3*k**2 + 6*k + 3. Let t(g) = 4*l(g) - 3*s(g). Calculate the remainder when t(-2) is divided by 8.
5
Calculate the remainder when 2/1*(-339)/(-6) is divided by 23.
21
Suppose 2*d = 13 + 19. Calculate the remainder when (-2)/(-9) + 1094/18 is divided by d.
13
Let o(f) = -7*f + 125. Calculate the remainder when (-8)/(-2)*(-4)/(-1) is divided by o(17).
4
Suppose g - 4 = -2*j, 5*g + 0*g - 3*j = 33. Suppose 2*s = 2*l + 96, 151 = 4*s + 3*l - g. What is the remainder when s is divided by 11?
10
Suppose h = -3*l - l - 8, -h + 6 = -3*l. Suppose 4 + h = k. Suppose -4*s = -k*j + 83 - 335, 4*s + 2*j = 270. What is the remainder when s is divided by 17?
15
Suppose -4*g + 8*g - 172 = 0. What is the remainder when g is divided by 8?
3
Let r(q) = -q**2 - 14*q - 6. Let p be r(-9). What is the remainder when 37 is divided by 2*p/(-12)*-2?
11
Let a = -5 + 5. Suppose 2*j + 2*d - 4*d = 18, -4*j - 4*d + 68 = a. What is the remainder when j is divided by 7?
6
Let k = 17 + -11. Calculate the remainder when 1/((-2)/(-80)) + 0 is divided by k/(-18) + 86/6.
12
Let s(f) = f - 7. Calculate the remainder when 16 is divided by s(13).
4
Let d be (9 - 5)/((-2)/(-110)). Let a = 14 - 10. Suppose a*k = -k + d. What is the remainder when k is divided by 23?
21
Let d(j) = j - 2. Let v be d(-3). Let h(n) = n**3 + 7*n**2 + 3*n. What is the remainder when h(v) is divided by 18?
17
Suppose 0 = 4*n - 3*r - 37, 3*n - 19 - 14 = 4*r. What is the remainder when (8/(-4))/(4/(-38)) is divided by n?
5
Let j(t) = -2*t**2 - t - 2. Let r be j(-7). Calculate the remainder when r/(-4) + (-1)/4 is divided by 12.
11
Let l(c) = c - 7. Let o be l(4). Let i(q) = 3*q**2 - 2*q + 2. What is the remainder when i(o) is divided by 9?
8
Suppose 2*o + 2*g = 13 + 7, -3*g = o - 8. Let r = 6 - -15. What is the remainder when r is divided by o?
10
Suppose 0 = -j - 3*j. What is the remainder when 36 + -4 - (3 - j) is divided by 8?
5
Calculat